d**2 + 23*d + 24. Calculate m(-1).
-11
Let r(c) = -33*c**2 - 260*c + 354. What is r(-9)?
21
Let z(g) = -2*g**2 + 38*g + 56. Determine z(17).
124
Let r(t) = -310*t - 407. Give r(-2).
213
Let x(q) = -3*q**2 + 9*q + 56. Calculate x(-6).
-106
Let y(c) = -35*c - 1740. Give y(-50).
10
Let l(c) = 2*c**2 - 123*c + 1902. Calculate l(29).
17
Let j(r) = -r**2 + 18*r + 30. Calculate j(21).
-33
Let v(y) = -45*y**3 + 3*y**2 - 2*y. Determine v(1).
-44
Let g(q) = -5*q**3 + q**2 + 12*q - 71. Determine g(5).
-611
Let w(r) = -2*r**2 + 197*r - 1607. Calculate w(9).
4
Let h(u) = u**2 + 211*u - 428. Determine h(2).
-2
Let b(v) = -6*v - 16. Determine b(-16).
80
Let u(k) = 3*k**3 - k**2 + 10*k - 15. What is u(3)?
87
Let v(u) = u**2 - 63*u + 1065. Give v(38).
115
Let m(k) = -k**3 + 9*k**2 + 10*k + 16. Give m(10).
16
Let u(c) = -2*c**3 - 43*c**2 - 8*c - 663. What is u(-22)?
-3
Let k(q) = 26*q + 132. Determine k(-5).
2
Let j(v) = -v**2 - 22*v - 2. Determine j(-11).
119
Let j(k) = -k**3 + 8*k**2 + 450*k - 4302. Determine j(10).
-2
Let m(d) = -55*d**3 + 6*d**2 + 8*d - 25. Give m(2).
-425
Let y(q) = q**2 + 14*q - 115. Calculate y(-19).
-20
Let x(a) = 7*a + 10. Give x(-2).
-4
Let h(w) = -w**3 - 21*w**2 - 29*w - 94. Calculate h(-20).
86
Let o(c) = -3*c - 283. Give o(24).
-355
Let v(b) = -b**2 + 97*b + 1677. What is v(-15)?
-3
Let v(k) = -1157*k - 3478. Determine v(-3).
-7
Let i(x) = 89*x**2 - 1863*x - 89. What is i(21)?
37
Let j(v) = -9*v - 349. What is j(-58)?
173
Let o(u) = 2*u**2 - 36*u + 149. What is o(8)?
-11
Let u(s) = 5*s**2 + 74*s - 99. Determine u(-12).
-267
Let y(v) = -v**3 - 4*v**2 + 152*v + 162. Determine y(-14).
-6
Let n(x) = -x**3 - 46*x**2 - 168*x + 32. Determine n(-42).
32
Let f(z) = 72*z**3 + 291*z**2 - 18*z - 98. Calculate f(-4).
22
Let q(z) = -1051*z - 5368. What is q(-5)?
-113
Let g(n) = 12*n**2 - 32*n - 136. What is g(-4)?
184
Let j(q) = 2*q**3 - 27*q**2 - 42*q - 75. Give j(15).
-30
Let s(g) = -510*g + 5958. Calculate s(12).
-162
Let v(n) = -76*n + 484. What is v(6)?
28
Let s(p) = 62*p - 57. Determine s(-1).
-119
Let q(j) = 20*j + 97. Give q(-8).
-63
Let t(m) = 2*m**3 + 50*m**2 - 107*m + 43. What is t(-27)?
16
Let l(t) = -73*t + 1677. Calculate l(22).
71
Let f(n) = 6*n - 12. Calculate f(3).
6
Let j(f) = 47*f**2 + 248*f + 17. Calculate j(-5).
-48
Let v(j) = 2*j**3 - 10*j**2 - 23*j - 11. What is v(-2)?
-21
Let s(w) = -4*w**3 + 569*w**2 - 144*w + 425. Determine s(142).
141
Let q(z) = 2*z**2 + 5*z + 17. Give q(5).
92
Let p(d) = -d**3 - 15*d**2 - 20*d + 28. Determine p(-13).
-50
Let c(a) = -a**3 + 93*a + 61. Give c(10).
-9
Let f(g) = -g**3 - 22*g**2 - 37*g - 37. Calculate f(-20).
-97
Let q(f) = -f**3 - 15*f**2 + 10*f + 300. Give q(-5).
0
Let j(i) = i**3 + 12*i**2 - 4*i + 67. Determine j(-11).
232
Let a(o) = -o**2 + 23*o + 32. Calculate a(18).
122
Let z(c) = -2*c**2 - 3*c - 466. Give z(0).
-466
Let u(z) = -26*z**3 - 2*z**2 - 66*z - 135. What is u(-2)?
197
Let s(q) = 2*q**2 + 241*q - 886. What is s(-124)?
-18
Let x(b) = -17*b**3 - 661*b**2 + 94*b + 622. What is x(-39)?
-2
Let m(u) = -138*u - 426. Determine m(-4).
126
Let s(r) = -r**3 - 52*r**2 + 2*r + 98. Calculate s(-52).
-6
Let b(h) = 74*h + 2032. What is b(-28)?
-40
Let q(z) = -137*z + 6992. What is q(51)?
5
Let t(z) = -3286*z - 3278. What is t(-1)?
8
Let q(r) = -237*r**3 - 4*r**2 + 18*r - 16. Calculate q(1).
-239
Let z(f) = f**3 + 89*f**2 - 397*f - 2321. Give z(-93).
4
Let v(t) = 6*t**2 - 20*t + 60. Give v(6).
156
Let g(y) = 165*y - 10. Calculate g(-3).
-505
Let o(k) = 18*k**2 + 5042*k + 546. What is o(-280)?
-14
Let h(l) = -4*l**2 - 16*l - 89. Determine h(-6).
-137
Let i(h) = 2*h**3 + 67*h**2 + 41*h + 40. Calculate i(-33).
-224
Let w(o) = -15*o**2 + 49*o - 185. Determine w(4).
-229
Let b(m) = -2*m + 146. What is b(29)?
88
Let y(c) = -53*c + 2117. Determine y(40).
-3
Let p(v) = v**3 - 10*v**2 - 16*v + 12. Give p(11).
-43
Let l(z) = 33*z + 9. Determine l(-2).
-57
Let s(b) = b**3 + 5*b**2 + 4*b + 12. Calculate s(-5).
-8
Let m(c) = 114*c**2 + 681*c - 14. Calculate m(-6).
4
Let p(j) = 726*j - 5641. Determine p(8).
167
Let k(m) = -177*m**2 + 7257*m - 66. Determine k(41).
-66
Let j(b) = -b**2 + 16*b - 89. Determine j(5).
-34
Let q(h) = -17*h - 814. Give q(-75).
461
Let u(b) = -4*b - 71. Calculate u(-20).
9
Let s(i) = -14*i**3 + 13*i**2 - 3*i + 2. Calculate s(2).
-64
Let n(c) = -2*c**2 - 32*c + 62. What is n(-18)?
-10
Let y(i) = 6*i**3 + i**2 - 5*i. Calculate y(2).
42
Let r(x) = 80*x + 1. Determine r(1).
81
Let a(s) = s**3 + 14*s**2 - 20*s - 78. What is a(-15)?
-3
Let j(t) = -t + 61. What is j(60)?
1
Let b(f) = -22*f - 196. What is b(-9)?
2
Let f(a) = -329*a + 2305. What is f(7)?
2
Let l(q) = q**2 + 11*q - 2. Give l(-12).
10
Let m(n) = -5*n - 444. Calculate m(-10).
-394
Let j(w) = -w**3 + 7*w**2 + 6*w + 6. What is j(10)?
-234
Let x(s) = s**3 - 10*s**2 - 13*s + 1. What is x(9)?
-197
Let y(t) = -t**3 + 16*t**2 + 50*t + 115. Give y(19).
-18
Let p(j) = j**3 + 46*j**2 + 36*j - 441. Determine p(-45).
-36
Let l(h) = 13*h - 557. Calculate l(47).
54
Let f(y) = y**3 - 3*y**2 + 23*y - 9. What is f(0)?
-9
Let l(c) = -154*c - 1545. Give l(-10).
-5
Let z(h) = -7*h**2 - 649*h - 464. Give z(-92).
-4
Let l(t) = -t**3 + 11*t**2 - 56*t + 91. What is l(3)?
-5
Let f(n) = 111*n + 28. Calculate f(-1).
-83
Let n(i) = i**2 + 9*i - 1879. What is n(-48)?
-7
Let r(w) = -86*w - 1216. Determine r(-14).
-12
Let t(q) = 2*q**2 + 48*q - 319. Give t(-29).
-29
Let j(p) = 12*p**2 + 126*p - 71. Give j(-11).
-5
Let a(p) = 19*p**3 - 7*p**2 - 17*p + 4. Determine a(-2).
-142
Let s(b) = -6*b**3 + 4*b**2 - 8*b - 2. Determine s(-1).
16
Let c(s) = -10*s**2 - 627*s - 7151. What is c(-15)?
4
Let b(t) = 12*t**3 - 2*t**2 + 20*t + 18. Give b(-3).
-384
Let m(x) = 14*x + 40. Give m(-7).
-58
Let k(n) = -824*n - 3250. What is k(-4)?
46
Let f(r) = r**3 + 17*r**2 - 88*r + 1. Give f(4).
-15
Let x(a) = -1982*a + 15861. Calculate x(8).
5
Let a(n) = 2*n**2 - 88*n + 332. Determine a(40).
12
Let v(w) = w**2 + w - 632. What is v(26)?
70
Let j(f) = -20*f + 73. What is j(4)?
-7
Let n(t) = -1450*t + 31908. What is n(22)?
8
Let v(o) = 14*o**3 + o**2 - 7*o - 7. Give v(-1).
-13
Let u(z) = -211*z - 844. Determine u(-4).
0
Let s(v) = -v**2 - 36*v - 191. Determine s(-32).
-63
Let q(h) = h**2 - 93*h + 1066. Give q(72).
-446
Let q(s) = -2*s**3 + 11*s**2 - 12*s - 19. Calculate q(6).
-127
Let t(j) = 3749*j - 37486. Calculate t(10).
4
Let b(x) = -67*x + 1474. Calculate b(23).
-67
Let l(w) = -2*w**2 - 1555*w + 17353. Determine l(11).
6
Let o(j) = -79*j**3 + 4*j**2 - j - 1. What is o(1)?
-77
Let b(u) = -u**3 + 8*u**2 + 35*u - 110. Give b(12).
-266
Let b(k) = -9*k**2 - 63*k - 66. Give b(-9).
-228
Let g(c) = 168*c + 1. Determine g(-2).
-335
Let g(k) = -147*k + 904. Give g(6).
22
Let k(p) = -p**3 - 2*p + 774. Give k(0).
774
Let y(p) = -6*p**2 + 189*p + 286. What is y(33)?
-11
Let q(u) = -u**3 + 7*u**2 + 7*u - 39. What is q(11)?
-446
Let d(l) = -92*l + 867. Calculate d(9).
39
Let j(c) = 85*c**2 - 4*c - 9. What is j(-2)?
339
Let r(z) = -9*z**3 + 8*z**2 + 2*z - 3. Determine r(3).
-168
Let z(n) = -301*n + 1844. What is z(6)?
38
Let x(k) = k**3 - 106*k**2 + 105*k + 660. Give x(105).
660
Let r(f) = -926*f - 61127. Determine r(-66).
-11
Let w(v) = 142*v + 832. Calculate w(-6).
-20
Let s(n) = -4*n**3 + 4*n**2 + 15*n + 28. Give s(5).
-297
Let q(c) = -2*c**2 + 12*c - 16. Calculate q(4).
0
Let x(h) = h**2 - 93*h + 1319. Calculate x(73).
-141
Let m(h) = h**3 + 17*h**2 - 68*h - 1143. What is m(-17)?
13
Let g(u) = 2*u**3 + 6*u**2 + 295*u + 565. Calculate g(-2).
-17
Let t(m) = 41*m + 930. Give t(-23).
-13
Let n(t) = t**3 + 36*t**2 + 127*t + 3216. Give n(-35).
-4
Let s(d) = 2*d**2 + 1159*d + 43161. Calculate s(-40).
1
Let x(g) = 43*g**2 - 463*g + 20. Determine x(11).
130
Let w(g) = 69*g - 343. Calculate w(5).
2
Let f(w) = -w**3 - 8*w**2 - 26*w - 311. Give f(-10).
149
Let f(v) = -v**3 + 24*v**2 - 76*v + 248. Calculate f(21).
-25
Let y(m) = -12*m**3 + 4*m**2 + 8*m - 33. Determine y(3).
-297
Let h(z) = 1349*z + 59356. Determine h(-44).
0
Let w(u) = -132*u**2 + 790*u + 6. Give w(6).
-6
Let j(p) = 31*p + 575. Determine j(-19).
-14
Let r(j) = j**3 - 4*j**2 + 11*j + 33. Determine r(8).
377
Let r(p) = 3*p**3 + 8*p**2 + 19*p - 1. What is r(-2)?
-31
Let m(n) = n**2 + 4*n - 720. Determine m(25).
5
Let r(t) = -222*t +